st common factor of 2751 and 21.
21
Calculate the greatest common divisor of 91 and 1547.
91
What is the greatest common factor of 118 and 2419?
59
Calculate the highest common factor of 248 and 1054.
62
What is the highest common divisor of 324 and 9?
9
Calculate the highest common factor of 8490 and 120.
30
Calculate the highest common factor of 209 and 407.
11
Calculate the greatest common factor of 403 and 124.
31
What is the highest common factor of 6 and 10398?
6
What is the greatest common divisor of 560 and 742?
14
What is the highest common divisor of 38 and 665?
19
What is the greatest common factor of 928 and 1216?
32
Calculate the highest common divisor of 455 and 20.
5
Calculate the highest common factor of 42 and 16359.
21
Calculate the highest common factor of 338 and 26.
26
What is the highest common divisor of 2262 and 1392?
174
What is the highest common factor of 1 and 17?
1
What is the greatest common divisor of 1216 and 32?
32
What is the highest common factor of 224 and 88928?
224
What is the highest common divisor of 452 and 16046?
226
Calculate the greatest common factor of 7067 and 382.
191
Calculate the highest common divisor of 22 and 8855.
11
Calculate the greatest common factor of 34 and 6.
2
Calculate the highest common divisor of 6970 and 170.
170
Calculate the highest common divisor of 1554 and 63.
21
Calculate the greatest common divisor of 45 and 72.
9
Calculate the highest common divisor of 4445 and 508.
127
Calculate the greatest common divisor of 70 and 3340.
10
Calculate the greatest common divisor of 8 and 316.
4
What is the highest common factor of 10 and 2890?
10
Calculate the highest common factor of 10281 and 69.
69
What is the greatest common factor of 183 and 671?
61
Calculate the highest common divisor of 96 and 2724.
12
What is the highest common divisor of 400 and 208?
16
Calculate the greatest common factor of 14 and 35.
7
What is the greatest common factor of 28 and 133?
7
What is the highest common factor of 5770 and 20?
10
Calculate the highest common divisor of 19 and 209.
19
What is the highest common factor of 12 and 6492?
12
What is the greatest common factor of 6600 and 540?
60
What is the greatest common divisor of 13 and 52?
13
What is the highest common factor of 11 and 352?
11
What is the greatest common factor of 890 and 1246?
178
Calculate the greatest common factor of 2248 and 8.
8
What is the highest common divisor of 228 and 24?
12
Calculate the highest common factor of 94 and 6345.
47
Calculate the highest common factor of 680 and 12104.
136
Calculate the highest common factor of 180 and 1340.
20
What is the greatest common factor of 529 and 207?
23
Calculate the highest common factor of 288 and 44064.
288
What is the greatest common factor of 195 and 4810?
65
What is the greatest common divisor of 800 and 1920?
160
What is the greatest common factor of 4599 and 1095?
219
What is the greatest common divisor of 99 and 288?
9
Calculate the highest common factor of 26506 and 58.
58
What is the highest common divisor of 26 and 234?
26
Calculate the greatest common factor of 406 and 42.
14
Calculate the highest common factor of 56 and 2338.
14
Calculate the greatest common factor of 168 and 756.
84
What is the greatest common factor of 3680 and 1120?
160
What is the greatest common factor of 4600 and 184?
184
What is the highest common divisor of 186 and 6?
6
Calculate the greatest common factor of 64 and 224.
32
What is the greatest common divisor of 104 and 104?
104
Calculate the greatest common factor of 80 and 112.
16
What is the greatest common divisor of 345 and 69?
69
Calculate the highest common factor of 9287 and 74.
37
What is the greatest common factor of 50 and 325?
25
What is the highest common divisor of 1054 and 34?
34
Calculate the greatest common divisor of 675 and 255.
15
Calculate the highest common factor of 160 and 400.
80
Calculate the highest common divisor of 40 and 920.
40
What is the highest common divisor of 160 and 12240?
80
What is the highest common divisor of 20 and 60?
20
Calculate the highest common factor of 589 and 62.
31
What is the highest common factor of 36 and 6228?
36
What is the highest common factor of 155 and 124?
31
What is the highest common factor of 1 and 37?
1
Calculate the greatest common divisor of 12977 and 19.
19
What is the highest common divisor of 85 and 10?
5
Calculate the greatest common factor of 7950 and 848.
106
Calculate the greatest common divisor of 900 and 220.
20
Calculate the highest common factor of 23 and 483.
23
Calculate the highest common factor of 68 and 4.
4
Calculate the greatest common divisor of 2475 and 110.
55
What is the highest common divisor of 190 and 100?
10
What is the highest common factor of 4550 and 400?
50
What is the greatest common divisor of 248 and 5?
1
Calculate the highest common factor of 8 and 20.
4
What is the highest common factor of 2880 and 90?
90
Calculate the greatest common factor of 246 and 15621.
123
What is the greatest common divisor of 1068 and 12?
12
What is the highest common divisor of 512 and 32?
32
Calculate the greatest common divisor of 4 and 176.
4
Calculate the greatest common factor of 12 and 192.
12
Calculate the greatest common divisor of 460 and 5.
5
What is the greatest common factor of 23914 and 22?
22
What is the greatest common factor of 1080 and 2640?
120
What is the greatest common factor of 7149 and 3?
3
Calculate the greatest common factor of 14088 and 42.
6
Calculate the highest common factor of 15 and 40.
5
What is the highest common divisor of 132 and 252?
12
What is the highest common factor of 88 and 209?
11
Calculate the greatest common factor of 65 and 2470.
65
Calculate the highest common factor of 40 and 232.
8
What is the greatest common factor of 1122 and 99?
33
What is the highest common factor of 8773 and 93?
31
What is the greatest common factor of 42 and 54?
6
Calculate the highest common divisor of 25454 and 286.
286
Calculate the highest common factor of 102 and 1802.
34
Calculate the greatest common factor of 108 and 675.
27
Calculate the highest common factor of 234 and 78.
78
What is the highest common factor of 1053 and 936?
117
What is the highest common factor of 180 and 2560?
20
What is the highest common divisor of 7184 and 16?
16
What is the greatest common divisor of 3 and 1497?
3
What is the greatest common factor of 57 and 76?
19
What is the highest common divisor of 154 and 14?
14
Calculate the greatest common factor of 425 and 510.
85
Calculate the greatest common factor of 630 and 6741.
63
Calculate the highest common factor of 15 and 60.
15
Calculate the highest common divisor of 42273 and 231.
231
What is the highest common factor of 6080 and 228?
76
Calculate the highest common divisor of 18 and 15516.
18
What is the highest common factor of 412 and 20?
4
What is the highest common factor of 88 and 66?
22
What is the greatest common factor of 385 and 3960?
55
What is the greatest common divisor of 240 and 255?
15
Calculate the greatest common divisor of 36 and 84.
12
Calculate the highest common factor of 627 and 231.
33
What is the greatest common factor of 570 and 210?
30
Calculate the highest common factor of 20 and 10.
10
Calculate the greatest common factor of 24 and 246.
6
Calculate the greatest common divisor of 8705 and 5.
5
What is the greatest common factor of 224 and 14?
14
Calculate the highest common factor of 27 and 39987.
27
What is the greatest common factor of 32742 and 204?
102
Calculate the highest common divisor of 726 and 22.
22
What is the greatest common factor of 24 and 17652?
12
Calculate the highest common factor of 250 and 950.
50
What is the greatest common factor of 1002 and 42?
6
What is the greatest common factor of 34 and 18802?
34
Calculate the greatest common factor of 65 and 145.
5
Calculate the highest common divisor of 21 and 39.
3
Calculate the greatest common divisor of 261 and 232.
29
Calculate the highest common factor of 725 and 275.
25
What is the greatest common factor of 96 and 96?
96
Calculate the highest common divisor of 1375 and 10.
5
Calculate the greatest common divisor of 1530 and 680.
170
Calculate the highest common factor of 1335 and 75.
15
What is the highest c